nd j.
23
Let n be (-3 - -6)/(4/40). Calculate the highest common divisor of n and 10.
10
Let x(y) = y. Let n be x(3). Let s = -63 + 90. Suppose n*j - 3 = -5*q, 5*q = j + j - s. What is the highest common divisor of j and 54?
6
Suppose 4*l - 26 = -2*v, 6*l - v - 15 = l. Calculate the highest common divisor of 32 and l.
4
Let n(x) = 13*x**2 - x + 1. Let i be n(1). Let w = 3 + i. Suppose -3*o + w = -56. What is the greatest common divisor of 3 and o?
3
Let j be 243/5 + (-34)/(-85). What is the highest common factor of j and 7?
7
Suppose 4*v = 12, -v - 2*v = 4*g - 17. Suppose -1 = -4*z + 15. Suppose 60 = z*l + g*n, 9 = l - 4*n + 3*n. Calculate the greatest common factor of 39 and l.
13
Let q be 9/3*3/(-9)*-35. Calculate the greatest common divisor of q and 385.
35
Let g(y) = -81*y - 1. Let a be g(-1). Calculate the greatest common divisor of 16 and a.
16
Let s(f) = -4*f - 18. Let l be s(-5). Calculate the highest common factor of 62 and l.
2
Let h(a) = a**3 - 6*a**2 + 7*a - 2. Let w = -9 + 14. Let f be h(w). Suppose -2*k + 60 = 2*s + k, 0 = -2*k + 8. Calculate the highest common factor of f and s.
8
Let w(o) = o + 5. Let s be w(-4). Let j be 0 + s + -3 + 23. Calculate the highest common factor of j and 105.
21
Let u(l) = 23*l + 1. Let g be u(-2). Let m be 2*(g/6)/(-5). Let o be ((-22)/m)/(4/(-6)). What is the greatest common factor of o and 33?
11
Suppose l - 378 = -3*c, -252 = c - 3*c + l. Let n = -71 + c. Calculate the greatest common divisor of 22 and n.
11
Let y be (7 - 5) + 67 + -5. Calculate the highest common divisor of y and 704.
64
Let i = 7 - 0. Suppose 0 = -5*d + 13 + i. What is the greatest common divisor of d and 4?
4
Let k(n) = 3*n**2 + 3*n + 7. Let y be k(-7). Suppose 6*w = 5*w + 3. Suppose -10 + 67 = w*c. Calculate the highest common divisor of y and c.
19
Let h be 3/(1 - (1 - 1)). Let r be 9*(50/h - -2). Let y(t) = t**3 - 20*t**2 + 18*t + 43. Let g be y(19). What is the greatest common divisor of g and r?
24
Let x be ((-2)/(-5))/((-3)/(-525)). Let l(s) = -s**2 + 9*s + 10. Let m be l(9). What is the highest common factor of m and x?
10
Let p be ((-50)/(-5))/5 + 10. Let d = 156 + -72. Calculate the greatest common factor of p and d.
12
Suppose -105 = -l - 3*w, 7*w - 214 = -2*l + 2*w. What is the highest common divisor of 13 and l?
13
Suppose -11*z + 9*z + 8 = 0. Suppose -5*y - 4*b + 605 = 0, y + y = -z*b + 242. What is the greatest common divisor of 11 and y?
11
Let f(j) = j - 11. Let l be f(11). Suppose -22 = -2*n - q - l, 4*q = 5*n - 55. Calculate the greatest common divisor of 33 and n.
11
Let o(k) = -k + 2. Let w be o(0). Suppose -c - w*c = 27. Let s(z) = 2*z**2 + 9*z - 4. Let h be s(c). What is the greatest common divisor of h and 11?
11
Let i be (87 - -2) + 1 + 2. Suppose 2*n = -q + 52, n = 5*n - q - i. What is the greatest common factor of 36 and n?
12
Let p be (15/(-30))/((-1)/10). What is the greatest common divisor of 25 and p?
5
Let w(v) = -11*v - 1. Let z be w(-1). Let f(x) be the first derivative of -x**2/2 + 22*x + 1. Let p be f(z). Calculate the greatest common divisor of 48 and p.
12
Let y = 5 - 9. Let n(x) = x**2 - 2*x - 2. Let h be n(y). Calculate the highest common divisor of h and 55.
11
Let n(y) = 9*y - 11. Let i be n(2). What is the greatest common factor of 7 and i?
7
Let l = -124 + 179. Calculate the highest common factor of 10 and l.
5
Suppose 2*y = -0*y + 8. Let o = -23 - -2. Let d = 11 - o. Calculate the greatest common factor of d and y.
4
Suppose -112 = 4*j - 396. Suppose 211 = 4*a + 2*u + j, 4*u = 2*a - 50. Calculate the greatest common divisor of a and 3.
3
Let a be (4/(-5))/((-6)/15). Suppose -4*r = -8, 26 = a*s - r + 3*r. Calculate the highest common factor of s and 44.
11
Let f(w) = 2*w + 26. Let t be f(-6). Calculate the greatest common divisor of t and 112.
14
Suppose 13*b - 63 = 4*b. Calculate the highest common divisor of b and 35.
7
Let t(j) = -j**3 + 10*j**2 - 12*j - 4. Let q be t(8). Let n = 0 + 7. Calculate the highest common divisor of q and n.
7
Suppose -3*w = 5*h - 3*h - 7, 0 = w + 4*h - 9. Suppose 3*g = -5*c + 25 + 20, -3*c + 27 = 4*g. What is the greatest common divisor of w and c?
1
Suppose p - 9 = s, 0 = p - 3*p - 4*s + 12. Let w(r) = r**2 + r - 10*r - 3*r**2 + 4*r**2. Let g be w(p). Calculate the greatest common divisor of 8 and g.
8
Suppose -13 = -4*q + 19. Let s(g) = -g**3 + 10*g**2 - 5*g. Let a be s(8). What is the highest common divisor of a and q?
8
Suppose 0*u + 2*u = 0. Let p be -18*(2/(-4) - u). What is the greatest common divisor of p and 72?
9
Suppose 21 = 4*y - 3*y + 5*o, -o - 42 = -2*y. Suppose -5*r + 40 = -5*q, 5*q - 33 = -5*r + 3*q. Calculate the greatest common divisor of r and y.
7
Suppose -19 = -x + 2*r, 0 = 4*x - 0*r + 5*r - 11. Suppose 45 = 2*h - 3*l - 138, -5*h + 2*l = -485. Calculate the greatest common factor of x and h.
9
Let z(v) = v**2 - 2. Let s be (-6)/(-4)*(-8 - -6). Let k be z(s). What is the greatest common divisor of 28 and k?
7
Let j = 74 + -73. Calculate the greatest common divisor of 9 and j.
1
Let o(p) = p**2 + 9*p + 11. Let q be o(-8). Suppose -18 = -q*a + 27. Calculate the highest common factor of a and 135.
15
Suppose 0 = -4*t + 5 - 73. Let y = t - -31. Let n(x) = 5*x**2 - x - 1. Let o be n(-2). What is the highest common divisor of y and o?
7
Let c = -6 - -12. Let r(t) = -6*t - 6. Let u be r(-6). Suppose 0 = 2*p - 0 - u. Calculate the highest common divisor of p and c.
3
Let w(u) = -14*u + 16. Let f be w(12). Let b be 20/(-4)*f/10. Calculate the greatest common divisor of b and 19.
19
Let z(b) = b - 11. Let n be z(5). Let s = n + 15. What is the greatest common factor of s and 3?
3
Suppose z = -2*x + 160, 1 = -3*z - 5. Calculate the greatest common divisor of x and 18.
9
Let q = -15 + 31. Let o be 1/2 + 158/4. What is the highest common divisor of o and q?
8
Let k(c) = -c - 1. Let t be k(-7). Calculate the greatest common divisor of 6 and t.
6
Let o be (-148)/14*-4 + 16/(-56). Calculate the highest common divisor of 28 and o.
14
Let y(i) = 3*i**2 + 6*i - 5. Let g be y(-5). Let x(f) = 2*f - 5. Let t be x(5). Calculate the highest common factor of g and t.
5
Let r be ((4 + -9)/(-5))/1. Calculate the highest common factor of 1 and r.
1
Let j(g) = -g**3 + 12*g**2 - 12*g + 26. Let i be j(11). What is the greatest common factor of i and 3?
3
Let m be (3 - (-5 - 0)) + 2. Calculate the greatest common factor of 10 and m.
10
Let i(l) be the first derivative of l**3 + 5*l**2/2 + 4*l + 2. Let z be i(-4). What is the greatest common factor of 80 and z?
16
Let v(d) = 3*d**2 + 3*d + 1. Let w be v(-2). Suppose -l + w = 6. Let c be 2 + l/((-1)/(-19)). Calculate the highest common divisor of c and 3.
3
Let q = 262 - 24. Let z = q + -334. Let r = -57 - z. What is the highest common divisor of 13 and r?
13
Let f be 27/12*(-9)/((-135)/640). Suppose s = -2*s + 81. Suppose t + b - s = 0, -63 = -3*t + 6*b - 3*b. Calculate the greatest common divisor of t and f.
24
Let q(g) = 153*g**2 + g + 1. Let j be q(-1). Let p = -61 + j. Suppose -5*w + p = -33. Calculate the greatest common factor of w and 10.
5
Let b(v) = -v**3 - 15*v**2 + 16*v + 18. Let k be b(-16). Calculate the highest common factor of 27 and k.
9
Let b = 0 - -50. Calculate the greatest common divisor of b and 2.
2
Let v(o) = 2*o**3 - 7*o**2 + 5*o. Let u be v(4). Calculate the highest common divisor of 84 and u.
12
Let l(c) = 5*c**2 + 5*c - 22. Let z be l(3). What is the highest common factor of 38 and z?
38
Let t(x) = -x - 1. Let l(i) = -3*i - 5. Let g(v) = l(v) - 6*t(v). Let c be g(1). Calculate the highest common divisor of c and 12.
4
Let h be 2/(-4) - (-34)/4. Calculate the greatest common divisor of 4 and h.
4
Suppose -b = v - 8, 0 = b + 3*b - 3*v - 53. Suppose 0 = 2*p - 3 - b. Suppose 4*t - 4*w - 28 = -2*w, -2*w = 0. Calculate the greatest common factor of p and t.
7
Let q = 11 - 7. Suppose -24 = -q*n + 4. What is the greatest common divisor of n and 63?
7
Suppose 0*d - 90 = -2*d. Let v = 14 - 5. What is the highest common divisor of v and d?
9
Suppose 69 = 4*o - 5*d, -2*o + 42 = -5*d + d. Suppose 52*s + 5*s = 1881. Calculate the greatest common divisor of s and o.
11
Suppose -2 = 4*a - 5*a. Suppose v + 30 = a*v. What is the greatest common factor of 20 and v?
10
Let l(t) = -4*t + 24. Let f be l(-5